{"id":124,"date":"2024-03-02T10:39:02","date_gmt":"2024-03-02T09:39:02","guid":{"rendered":"https:\/\/olivedrab-gerbil-764377.hostingersite.com\/?page_id=124"},"modified":"2026-03-13T00:28:07","modified_gmt":"2026-03-12T23:28:07","slug":"about","status":"publish","type":"page","link":"https:\/\/infinityrainbow.store\/index.php\/about\/","title":{"rendered":"About"},"content":{"rendered":"\t\t<div data-elementor-type=\"wp-page\" data-elementor-id=\"124\" class=\"elementor elementor-124\">\n\t\t\t\t<div class=\"elementor-element elementor-element-89dd252 e-flex e-con-boxed e-con e-parent\" data-id=\"89dd252\" data-element_type=\"container\" data-e-type=\"container\" data-settings=\"{&quot;background_background&quot;:&quot;classic&quot;}\">\n\t\t\t\t\t<div class=\"e-con-inner\">\n\t\t\t\t<div class=\"elementor-element elementor-element-0440e8e elementor-widget elementor-widget-heading\" data-id=\"0440e8e\" data-element_type=\"widget\" data-e-type=\"widget\" data-widget_type=\"heading.default\">\n\t\t\t\t<div class=\"elementor-widget-container\">\n\t\t\t\t\t<h2 class=\"elementor-heading-title elementor-size-default\">Chi siamo<\/h2>\t\t\t\t<\/div>\n\t\t\t\t<\/div>\n\t\t\t\t\t<\/div>\n\t\t\t\t<\/div>\n\t\t<div class=\"elementor-element elementor-element-93f194c e-flex e-con-boxed e-con e-parent\" data-id=\"93f194c\" data-element_type=\"container\" data-e-type=\"container\" data-settings=\"{&quot;background_background&quot;:&quot;classic&quot;}\">\n\t\t\t\t\t<div class=\"e-con-inner\">\n\t\t<div class=\"elementor-element elementor-element-ddf2f73 e-con-full e-flex e-con e-child\" data-id=\"ddf2f73\" data-element_type=\"container\" data-e-type=\"container\">\n\t\t\t\t<div class=\"elementor-element elementor-element-ae6ddb5 elementor-widget elementor-widget-heading\" data-id=\"ae6ddb5\" data-element_type=\"widget\" data-e-type=\"widget\" data-widget_type=\"heading.default\">\n\t\t\t\t<div class=\"elementor-widget-container\">\n\t\t\t\t\t<h2 class=\"elementor-heading-title elementor-size-default\">La nostra storia<\/h2>\t\t\t\t<\/div>\n\t\t\t\t<\/div>\n\t\t\t\t<div class=\"elementor-element elementor-element-4b8d3f3 elementor-widget elementor-widget-heading\" data-id=\"4b8d3f3\" data-element_type=\"widget\" data-e-type=\"widget\" data-widget_type=\"heading.default\">\n\t\t\t\t<div class=\"elementor-widget-container\">\n\t\t\t\t\t<h2 class=\"elementor-heading-title elementor-size-default\">Nel cuore di una citt\u00e0 frenetica, dove la creativit\u00e0 scorre liberamente e i sogni prendono il volo, esiste un laboratorio diverso da tutti gli altri. \u00c8 qui che inizia la storia di InfinityRainbow - un racconto intessuto con fili di passione, innovazione e immaginazione senza limiti.\n<br><br>\nTutto \u00e8 iniziato con una semplice idea: reinventare la modesta cintura come un telaio per l'espressione di s\u00e9, un simbolo di individualit\u00e0 e un faro di stile. In un mondo dominato dagli accessori prodotti in serie, InfinityRainbow ha osato sognare qualcosa di pi\u00f9: qualcosa che andasse oltre le tendenze e resistesse alla prova del tempo.<\/h2>\t\t\t\t<\/div>\n\t\t\t\t<\/div>\n\t\t\t\t<\/div>\n\t\t<div class=\"elementor-element elementor-element-a92b558 e-con-full e-flex e-con e-child\" data-id=\"a92b558\" data-element_type=\"container\" data-e-type=\"container\">\n\t\t\t\t<div class=\"elementor-element elementor-element-7a9a9b1 elementor-widget elementor-widget-image\" data-id=\"7a9a9b1\" data-element_type=\"widget\" data-e-type=\"widget\" data-widget_type=\"image.default\">\n\t\t\t\t<div class=\"elementor-widget-container\">\n\t\t\t\t\t\t\t\t\t\t\t\t\t\t\t<img fetchpriority=\"high\" decoding=\"async\" width=\"1024\" height=\"821\" src=\"https:\/\/infinityrainbow.store\/wp-content\/uploads\/2024\/03\/PHOTO-2024-03-01-23-51-22-6-1024x821.jpg\" class=\"attachment-large size-large wp-image-49\" alt=\"\" srcset=\"https:\/\/infinityrainbow.store\/wp-content\/uploads\/2024\/03\/PHOTO-2024-03-01-23-51-22-6-1024x821.jpg 1024w, https:\/\/infinityrainbow.store\/wp-content\/uploads\/2024\/03\/PHOTO-2024-03-01-23-51-22-6-300x240.jpg 300w, https:\/\/infinityrainbow.store\/wp-content\/uploads\/2024\/03\/PHOTO-2024-03-01-23-51-22-6-768x616.jpg 768w, https:\/\/infinityrainbow.store\/wp-content\/uploads\/2024\/03\/PHOTO-2024-03-01-23-51-22-6-600x481.jpg 600w, https:\/\/infinityrainbow.store\/wp-content\/uploads\/2024\/03\/PHOTO-2024-03-01-23-51-22-6.jpg 1094w\" sizes=\"(max-width: 1024px) 100vw, 1024px\" \/>\t\t\t\t\t\t\t\t\t\t\t\t\t\t\t<\/div>\n\t\t\t\t<\/div>\n\t\t\t\t<\/div>\n\t\t\t\t\t<\/div>\n\t\t\t\t<\/div>\n\t\t<div class=\"elementor-element elementor-element-cc431bf elementor-hidden-tablet elementor-hidden-mobile e-flex e-con-boxed e-con e-parent\" data-id=\"cc431bf\" data-element_type=\"container\" data-e-type=\"container\" data-settings=\"{&quot;background_background&quot;:&quot;classic&quot;}\">\n\t\t\t\t\t<div class=\"e-con-inner\">\n\t\t<div class=\"elementor-element elementor-element-5f5cae8 e-con-full e-flex e-con e-child\" data-id=\"5f5cae8\" data-element_type=\"container\" data-e-type=\"container\">\n\t\t\t\t<div class=\"elementor-element elementor-element-90de19e elementor-widget elementor-widget-image\" data-id=\"90de19e\" data-element_type=\"widget\" data-e-type=\"widget\" data-widget_type=\"image.default\">\n\t\t\t\t<div class=\"elementor-widget-container\">\n\t\t\t\t\t\t\t\t\t\t\t\t\t\t\t<img decoding=\"async\" width=\"1024\" height=\"821\" src=\"https:\/\/infinityrainbow.store\/wp-content\/uploads\/2024\/03\/PHOTO-2024-03-01-23-51-22-6-1024x821.png\" class=\"attachment-large size-large wp-image-312\" alt=\"\" srcset=\"https:\/\/infinityrainbow.store\/wp-content\/uploads\/2024\/03\/PHOTO-2024-03-01-23-51-22-6-1024x821.png 1024w, https:\/\/infinityrainbow.store\/wp-content\/uploads\/2024\/03\/PHOTO-2024-03-01-23-51-22-6-300x240.png 300w, https:\/\/infinityrainbow.store\/wp-content\/uploads\/2024\/03\/PHOTO-2024-03-01-23-51-22-6-768x616.png 768w, https:\/\/infinityrainbow.store\/wp-content\/uploads\/2024\/03\/PHOTO-2024-03-01-23-51-22-6-600x481.png 600w, https:\/\/infinityrainbow.store\/wp-content\/uploads\/2024\/03\/PHOTO-2024-03-01-23-51-22-6.png 1094w\" sizes=\"(max-width: 1024px) 100vw, 1024px\" \/>\t\t\t\t\t\t\t\t\t\t\t\t\t\t\t<\/div>\n\t\t\t\t<\/div>\n\t\t\t\t<\/div>\n\t\t<div class=\"elementor-element elementor-element-11969b1 e-con-full e-flex e-con e-child\" data-id=\"11969b1\" data-element_type=\"container\" data-e-type=\"container\">\n\t\t\t\t<div class=\"elementor-element elementor-element-36c5cff elementor-widget elementor-widget-heading\" data-id=\"36c5cff\" data-element_type=\"widget\" data-e-type=\"widget\" data-widget_type=\"heading.default\">\n\t\t\t\t<div class=\"elementor-widget-container\">\n\t\t\t\t\t<h2 class=\"elementor-heading-title elementor-size-default\">Artigianato<\/h2>\t\t\t\t<\/div>\n\t\t\t\t<\/div>\n\t\t\t\t<div class=\"elementor-element elementor-element-9688f0b elementor-widget elementor-widget-heading\" data-id=\"9688f0b\" data-element_type=\"widget\" data-e-type=\"widget\" data-widget_type=\"heading.default\">\n\t\t\t\t<div class=\"elementor-widget-container\">\n\t\t\t\t\t<h2 class=\"elementor-heading-title elementor-size-default\">Ogni cintura era pi\u00f9 di un semplice accessorio di moda; era un'opera d'arte, realizzata con cura e perfezione. Dalla morbidezza del cuoio di alta qualit\u00e0 alla moltitudine di colori nei motivi arcobaleno, ogni dettaglio era pervaso da cura e attenzione.\n<br><br>\nUnisciti a noi in questo viaggio infinito e, insieme, dipingiamo il mondo con i colori vibranti di InfinityRainbow.<\/h2>\t\t\t\t<\/div>\n\t\t\t\t<\/div>\n\t\t\t\t<\/div>\n\t\t\t\t\t<\/div>\n\t\t\t\t<\/div>\n\t\t<div class=\"elementor-element elementor-element-d98a08c elementor-hidden-desktop e-flex e-con-boxed e-con e-parent\" data-id=\"d98a08c\" data-element_type=\"container\" data-e-type=\"container\" data-settings=\"{&quot;background_background&quot;:&quot;classic&quot;}\">\n\t\t\t\t\t<div class=\"e-con-inner\">\n\t\t<div class=\"elementor-element elementor-element-3140300 e-con-full e-flex e-con e-child\" data-id=\"3140300\" data-element_type=\"container\" data-e-type=\"container\">\n\t\t\t\t<div class=\"elementor-element elementor-element-8612db9 elementor-widget elementor-widget-heading\" data-id=\"8612db9\" data-element_type=\"widget\" data-e-type=\"widget\" data-widget_type=\"heading.default\">\n\t\t\t\t<div class=\"elementor-widget-container\">\n\t\t\t\t\t<h2 class=\"elementor-heading-title elementor-size-default\">Artigianato<\/h2>\t\t\t\t<\/div>\n\t\t\t\t<\/div>\n\t\t\t\t<div class=\"elementor-element elementor-element-cf84059 elementor-widget elementor-widget-heading\" data-id=\"cf84059\" data-element_type=\"widget\" data-e-type=\"widget\" data-widget_type=\"heading.default\">\n\t\t\t\t<div class=\"elementor-widget-container\">\n\t\t\t\t\t<h2 class=\"elementor-heading-title elementor-size-default\">Ogni cintura era pi\u00f9 di un semplice accessorio di moda; era un'opera d'arte, realizzata con cura e perfezione. Dalla morbidezza del cuoio di alta qualit\u00e0 alla moltitudine di colori nei motivi arcobaleno, ogni dettaglio era pervaso da cura e attenzione.\n<br><br>\nUnisciti a noi in questo viaggio infinito e, insieme, dipingiamo il mondo con i colori vibranti di InfinityRainbow.<\/h2>\t\t\t\t<\/div>\n\t\t\t\t<\/div>\n\t\t<div class=\"elementor-element elementor-element-71e2869 e-con-full e-flex e-con e-child\" data-id=\"71e2869\" data-element_type=\"container\" data-e-type=\"container\">\n\t\t\t\t<div class=\"elementor-element elementor-element-6d8396b elementor-widget elementor-widget-image\" data-id=\"6d8396b\" data-element_type=\"widget\" data-e-type=\"widget\" data-widget_type=\"image.default\">\n\t\t\t\t<div class=\"elementor-widget-container\">\n\t\t\t\t\t\t\t\t\t\t\t\t\t\t\t<img decoding=\"async\" width=\"1024\" height=\"821\" src=\"https:\/\/infinityrainbow.store\/wp-content\/uploads\/2024\/03\/PHOTO-2024-03-01-23-51-22-6-1024x821.png\" class=\"attachment-large size-large wp-image-312\" alt=\"\" srcset=\"https:\/\/infinityrainbow.store\/wp-content\/uploads\/2024\/03\/PHOTO-2024-03-01-23-51-22-6-1024x821.png 1024w, https:\/\/infinityrainbow.store\/wp-content\/uploads\/2024\/03\/PHOTO-2024-03-01-23-51-22-6-300x240.png 300w, https:\/\/infinityrainbow.store\/wp-content\/uploads\/2024\/03\/PHOTO-2024-03-01-23-51-22-6-768x616.png 768w, https:\/\/infinityrainbow.store\/wp-content\/uploads\/2024\/03\/PHOTO-2024-03-01-23-51-22-6-600x481.png 600w, https:\/\/infinityrainbow.store\/wp-content\/uploads\/2024\/03\/PHOTO-2024-03-01-23-51-22-6.png 1094w\" sizes=\"(max-width: 1024px) 100vw, 1024px\" \/>\t\t\t\t\t\t\t\t\t\t\t\t\t\t\t<\/div>\n\t\t\t\t<\/div>\n\t\t\t\t<\/div>\n\t\t\t\t<\/div>\n\t\t\t\t\t<\/div>\n\t\t\t\t<\/div>\n\t\t<div class=\"elementor-element elementor-element-f86f527 e-flex e-con-boxed e-con e-parent\" data-id=\"f86f527\" data-element_type=\"container\" data-e-type=\"container\">\n\t\t\t\t\t<div class=\"e-con-inner\">\n\t\t\t\t<div class=\"elementor-element elementor-element-953486c elementor-widget elementor-widget-heading\" data-id=\"953486c\" data-element_type=\"widget\" data-e-type=\"widget\" data-widget_type=\"heading.default\">\n\t\t\t\t<div class=\"elementor-widget-container\">\n\t\t\t\t\t<h2 class=\"elementor-heading-title elementor-size-default\">Unisciti al Viaggio<\/h2>\t\t\t\t<\/div>\n\t\t\t\t<\/div>\n\t\t\t\t<div class=\"elementor-element elementor-element-28ad50e elementor-view-default elementor-widget elementor-widget-icon\" data-id=\"28ad50e\" data-element_type=\"widget\" data-e-type=\"widget\" data-widget_type=\"icon.default\">\n\t\t\t\t<div class=\"elementor-widget-container\">\n\t\t\t\t\t\t\t<div class=\"elementor-icon-wrapper\">\n\t\t\t<div class=\"elementor-icon\">\n\t\t\t<svg aria-hidden=\"true\" class=\"e-font-icon-svg e-fas-arrow-down\" viewBox=\"0 0 448 512\" xmlns=\"http:\/\/www.w3.org\/2000\/svg\"><path d=\"M413.1 222.5l22.2 22.2c9.4 9.4 9.4 24.6 0 33.9L241 473c-9.4 9.4-24.6 9.4-33.9 0L12.7 278.6c-9.4-9.4-9.4-24.6 0-33.9l22.2-22.2c9.5-9.5 25-9.3 34.3.4L184 343.4V56c0-13.3 10.7-24 24-24h32c13.3 0 24 10.7 24 24v287.4l114.8-120.5c9.3-9.8 24.8-10 34.3-.4z\"><\/path><\/svg>\t\t\t<\/div>\n\t\t<\/div>\n\t\t\t\t\t\t<\/div>\n\t\t\t\t<\/div>\n\t\t\t\t<div class=\"elementor-element elementor-element-af377ef elementor-widget elementor-widget-heading\" data-id=\"af377ef\" data-element_type=\"widget\" data-e-type=\"widget\" data-widget_type=\"heading.default\">\n\t\t\t\t<div class=\"elementor-widget-container\">\n\t\t\t\t\t<h2 class=\"elementor-heading-title elementor-size-default\">Nato dalla volont\u00e0 di rompere gli schemi della moda convenzionale, InfinityRainbow ha avuto origine come una visione per ridefinire l'essenza stessa delle cinture. Con un occhio attento per i dettagli e una passione per l'innovazione, i nostri fondatori si sono imbarcati in un viaggio per creare qualcosa di veramente straordinario. <\/h2>\t\t\t\t<\/div>\n\t\t\t\t<\/div>\n\t\t\t\t\t<\/div>\n\t\t\t\t<\/div>\n\t\t<div class=\"elementor-element elementor-element-f5c109b e-con-full e-flex e-con e-parent\" data-id=\"f5c109b\" data-element_type=\"container\" data-e-type=\"container\">\n\t\t<div class=\"elementor-element elementor-element-a6c2cef e-con-full e-flex e-con e-child\" data-id=\"a6c2cef\" data-element_type=\"container\" data-e-type=\"container\" data-settings=\"{&quot;background_background&quot;:&quot;classic&quot;}\">\n\t\t\t\t<div class=\"elementor-element elementor-element-bd54d69 elementor-widget elementor-widget-heading\" data-id=\"bd54d69\" data-element_type=\"widget\" data-e-type=\"widget\" data-widget_type=\"heading.default\">\n\t\t\t\t<div class=\"elementor-widget-container\">\n\t\t\t\t\t<h2 class=\"elementor-heading-title elementor-size-default\"><br>Colori unici<\/h2>\t\t\t\t<\/div>\n\t\t\t\t<\/div>\n\t\t\t\t<div class=\"elementor-element elementor-element-4f45e85 elementor-widget elementor-widget-button\" data-id=\"4f45e85\" data-element_type=\"widget\" data-e-type=\"widget\" data-widget_type=\"button.default\">\n\t\t\t\t<div class=\"elementor-widget-container\">\n\t\t\t\t\t\t\t\t\t<div class=\"elementor-button-wrapper\">\n\t\t\t\t\t<a class=\"elementor-button elementor-button-link elementor-size-sm\" href=\"https:\/\/olivedrab-gerbil-764377.hostingersite.com\/index.php\/collezione\/\">\n\t\t\t\t\t\t<span class=\"elementor-button-content-wrapper\">\n\t\t\t\t\t\t\t\t\t<span class=\"elementor-button-text\">Scopri<\/span>\n\t\t\t\t\t<\/span>\n\t\t\t\t\t<\/a>\n\t\t\t\t<\/div>\n\t\t\t\t\t\t\t\t<\/div>\n\t\t\t\t<\/div>\n\t\t\t\t<\/div>\n\t\t<div class=\"elementor-element elementor-element-3e03b93 e-con-full e-flex e-con e-child\" data-id=\"3e03b93\" data-element_type=\"container\" data-e-type=\"container\" data-settings=\"{&quot;background_background&quot;:&quot;classic&quot;}\">\n\t\t\t\t<div class=\"elementor-element elementor-element-21a0588 elementor-widget elementor-widget-heading\" data-id=\"21a0588\" data-element_type=\"widget\" data-e-type=\"widget\" data-widget_type=\"heading.default\">\n\t\t\t\t<div class=\"elementor-widget-container\">\n\t\t\t\t\t<h2 class=\"elementor-heading-title elementor-size-default\">Speciali cinture arcobaleno<\/h2>\t\t\t\t<\/div>\n\t\t\t\t<\/div>\n\t\t\t\t<div class=\"elementor-element elementor-element-3ca4781 elementor-mobile-align-center elementor-widget elementor-widget-button\" data-id=\"3ca4781\" data-element_type=\"widget\" data-e-type=\"widget\" data-widget_type=\"button.default\">\n\t\t\t\t<div class=\"elementor-widget-container\">\n\t\t\t\t\t\t\t\t\t<div class=\"elementor-button-wrapper\">\n\t\t\t\t\t<a class=\"elementor-button elementor-button-link elementor-size-sm\" href=\"https:\/\/olivedrab-gerbil-764377.hostingersite.com\/index.php\/collezione\/\">\n\t\t\t\t\t\t<span class=\"elementor-button-content-wrapper\">\n\t\t\t\t\t\t\t\t\t<span class=\"elementor-button-text\">Scopri<\/span>\n\t\t\t\t\t<\/span>\n\t\t\t\t\t<\/a>\n\t\t\t\t<\/div>\n\t\t\t\t\t\t\t\t<\/div>\n\t\t\t\t<\/div>\n\t\t\t\t<\/div>\n\t\t\t\t<\/div>\n\t\t\t\t<\/div>\n\t\t","protected":false},"excerpt":{"rendered":"<p>Chi siamo La nostra storia Nel cuore di una citt\u00e0 frenetica, dove la creativit\u00e0 scorre liberamente e i sogni prendono [&hellip;]<\/p>\n","protected":false},"author":1,"featured_media":0,"parent":0,"menu_order":0,"comment_status":"closed","ping_status":"closed","template":"elementor_header_footer","meta":{"om_disable_all_campaigns":false,"_monsterinsights_skip_tracking":false,"_monsterinsights_sitenote_active":false,"_monsterinsights_sitenote_note":"","_monsterinsights_sitenote_category":0,"site-sidebar-layout":"no-sidebar","site-content-layout":"","ast-site-content-layout":"full-width-container","site-content-style":"default","site-sidebar-style":"default","ast-global-header-display":"","ast-banner-title-visibility":"","ast-main-header-display":"","ast-hfb-above-header-display":"","ast-hfb-below-header-display":"","ast-hfb-mobile-header-display":"","site-post-title":"disabled","ast-breadcrumbs-content":"","ast-featured-img":"disabled","footer-sml-layout":"","ast-disable-related-posts":"","theme-transparent-header-meta":"","adv-header-id-meta":"","stick-header-meta":"","header-above-stick-meta":"","header-main-stick-meta":"","header-below-stick-meta":"","astra-migrate-meta-layouts":"default","ast-page-background-enabled":"default","ast-page-background-meta":{"desktop":{"background-color":"var(--ast-global-color-4)","background-image":"","background-repeat":"repeat","background-position":"center center","background-size":"auto","background-attachment":"scroll","background-type":"","background-media":"","overlay-type":"","overlay-color":"","overlay-opacity":"","overlay-gradient":""},"tablet":{"background-color":"","background-image":"","background-repeat":"repeat","background-position":"center center","background-size":"auto","background-attachment":"scroll","background-type":"","background-media":"","overlay-type":"","overlay-color":"","overlay-opacity":"","overlay-gradient":""},"mobile":{"background-color":"","background-image":"","background-repeat":"repeat","background-position":"center center","background-size":"auto","background-attachment":"scroll","background-type":"","background-media":"","overlay-type":"","overlay-color":"","overlay-opacity":"","overlay-gradient":""}},"ast-content-background-meta":{"desktop":{"background-color":"var(--ast-global-color-5)","background-image":"","background-repeat":"repeat","background-position":"center center","background-size":"auto","background-attachment":"scroll","background-type":"","background-media":"","overlay-type":"","overlay-color":"","overlay-opacity":"","overlay-gradient":""},"tablet":{"background-color":"var(--ast-global-color-5)","background-image":"","background-repeat":"repeat","background-position":"center center","background-size":"auto","background-attachment":"scroll","background-type":"","background-media":"","overlay-type":"","overlay-color":"","overlay-opacity":"","overlay-gradient":""},"mobile":{"background-color":"var(--ast-global-color-5)","background-image":"","background-repeat":"repeat","background-position":"center center","background-size":"auto","background-attachment":"scroll","background-type":"","background-media":"","overlay-type":"","overlay-color":"","overlay-opacity":"","overlay-gradient":""}},"footnotes":""},"class_list":["post-124","page","type-page","status-publish","hentry"],"aioseo_notices":[],"_hostinger_reach_plugin_has_subscription_block":false,"_hostinger_reach_plugin_is_elementor":false,"_links":{"self":[{"href":"https:\/\/infinityrainbow.store\/index.php\/wp-json\/wp\/v2\/pages\/124","targetHints":{"allow":["GET"]}}],"collection":[{"href":"https:\/\/infinityrainbow.store\/index.php\/wp-json\/wp\/v2\/pages"}],"about":[{"href":"https:\/\/infinityrainbow.store\/index.php\/wp-json\/wp\/v2\/types\/page"}],"author":[{"embeddable":true,"href":"https:\/\/infinityrainbow.store\/index.php\/wp-json\/wp\/v2\/users\/1"}],"replies":[{"embeddable":true,"href":"https:\/\/infinityrainbow.store\/index.php\/wp-json\/wp\/v2\/comments?post=124"}],"version-history":[{"count":43,"href":"https:\/\/infinityrainbow.store\/index.php\/wp-json\/wp\/v2\/pages\/124\/revisions"}],"predecessor-version":[{"id":395,"href":"https:\/\/infinityrainbow.store\/index.php\/wp-json\/wp\/v2\/pages\/124\/revisions\/395"}],"wp:attachment":[{"href":"https:\/\/infinityrainbow.store\/index.php\/wp-json\/wp\/v2\/media?parent=124"}],"curies":[{"name":"wp","href":"https:\/\/api.w.org\/{rel}","templated":true}]}}